{"id":34,"date":"2019-01-15T17:53:12","date_gmt":"2019-01-15T17:53:12","guid":{"rendered":"https:\/\/rainbow-events.ch\/?page_id=34"},"modified":"2020-01-16T13:18:53","modified_gmt":"2020-01-16T13:18:53","slug":"projekte","status":"publish","type":"page","link":"https:\/\/rainbow-events.ch\/index.php\/projekte\/","title":{"rendered":"Projekte"},"content":{"rendered":"\n<p>Hier findest du einen \u00dcberblick \u00fcber unsere aktuellen Projekte:<\/p>\n\n\n\n<p><a href=\"https:\/\/rainbow-events.ch\/index.php\/projekte\/karaoke-projekt\/\">Karaokeprojekt<\/a><\/p>\n\n\n\n<p><a href=\"https:\/\/rainbow-events.ch\/index.php\/projekte\/unterstuetzung-der-insieme-aarau-lenzburg\/\">Unterst\u00fctzung der insieme Aarau-Lenzburg <\/a><\/p>\n\n\n\n<p><a href=\"https:\/\/rainbow-events.ch\/index.php\/projekte\/sample-page\/\">Ballonverk\u00e4ufe<\/a><\/p>\n\n\n\n<p><\/p>\n\n\n\n<p><\/p>\n\n\n\n<p><\/p>\n\n\n\n<p><\/p>\n","protected":false},"excerpt":{"rendered":"<p>Hier findest du einen \u00dcberblick \u00fcber unsere aktuellen Projekte: Karaokeprojekt Unterst\u00fctzung der insieme Aarau-Lenzburg Ballonverk\u00e4ufe<\/p>\n","protected":false},"author":1,"featured_media":0,"parent":0,"menu_order":0,"comment_status":"closed","ping_status":"closed","template":"","meta":{"footnotes":""},"class_list":["post-34","page","type-page","status-publish","hentry"],"_links":{"self":[{"href":"https:\/\/rainbow-events.ch\/index.php\/wp-json\/wp\/v2\/pages\/34","targetHints":{"allow":["GET"]}}],"collection":[{"href":"https:\/\/rainbow-events.ch\/index.php\/wp-json\/wp\/v2\/pages"}],"about":[{"href":"https:\/\/rainbow-events.ch\/index.php\/wp-json\/wp\/v2\/types\/page"}],"author":[{"embeddable":true,"href":"https:\/\/rainbow-events.ch\/index.php\/wp-json\/wp\/v2\/users\/1"}],"replies":[{"embeddable":true,"href":"https:\/\/rainbow-events.ch\/index.php\/wp-json\/wp\/v2\/comments?post=34"}],"version-history":[{"count":9,"href":"https:\/\/rainbow-events.ch\/index.php\/wp-json\/wp\/v2\/pages\/34\/revisions"}],"predecessor-version":[{"id":604,"href":"https:\/\/rainbow-events.ch\/index.php\/wp-json\/wp\/v2\/pages\/34\/revisions\/604"}],"wp:attachment":[{"href":"https:\/\/rainbow-events.ch\/index.php\/wp-json\/wp\/v2\/media?parent=34"}],"curies":[{"name":"wp","href":"https:\/\/api.w.org\/{rel}","templated":true}]}}